{"id":1053,"date":"2014-05-13T11:31:23","date_gmt":"2014-05-13T09:31:23","guid":{"rendered":"https:\/\/www.iscnivelles.be\/v3\/?page_id=1053"},"modified":"2024-06-04T08:26:29","modified_gmt":"2024-06-04T06:26:29","slug":"on-est-dans-le-journal","status":"publish","type":"page","link":"https:\/\/www.iscnivelles.be\/v3\/on-est-dans-le-journal\/","title":{"rendered":"On est dans le journal &#8230;"},"content":{"rendered":"\n<p>Pour consulter l&rsquo;article, cliquer sur celui-ci &#8230;<\/p>\n\n\n\n<p><a href=\"https:\/\/www.iscnivelles.be\/v3\/wp-content\/uploads\/2014\/05\/20181002_L-Avenir-Local-Brabant-Wallon_p-9.pdf\">L&rsquo;Avenir Local Brabant Wallon \u00a0\u00bb jogging Viva for Life 28\/09\/2018<\/a><\/p>\n\n\n\n<p><a href=\"https:\/\/www.iscnivelles.be\/v3\/wp-content\/uploads\/2014\/05\/20180508_L-Avenir-Local-Brabant-Wallon_p-8.pdf\">L &lsquo;Avenir Local Brabant Wallon\u00a0\u00bb Solar impulse\u00a0\u00bb 7 mai 2018<\/a><\/p>\n\n\n\n<p><a href=\"https:\/\/www.iscnivelles.be\/v3\/wp-content\/uploads\/2014\/05\/Vers-lavenir-28-09-17-jogging.pdf\">Vers l&rsquo;avenir 28-09-17 &#8211; jogging pour Viva for Life<\/a><\/p>\n\n\n\n<p><a href=\"http:\/\/www.tvcom.be\/video\/info\/lundi-15-mai-2017_19885_214.html\">Reportage TVCOM sur la venue de Dirk Frimout 15 mai 2018<\/a>.<\/p>\n\n\n\n<p><a href=\"https:\/\/www.iscnivelles.be\/v3\/wp-content\/uploads\/2014\/05\/DFrimout_LAvenir_1705111.pdf\">DFrimout L&rsquo;Avenir &#8211; 11 mai 2017<\/a><\/p>\n\n\n\n<p><a href=\"https:\/\/www.iscnivelles.be\/v3\/wp-content\/uploads\/2014\/05\/20170516_La-Capitale-Brabant-Wallon_p-8.pdf\">DFrimout_La Capitale Brabant-Wallon 16 mai 2017<\/a><\/p>\n\n\n\n<p><span style=\"font-weight: 300;\"><a href=\"http:\/\/www.tvcom.be\/video\/culture\/lundi-24-avril-2017_19742.html\">Reportage \u00ab\u00a0Harcelement\u00a0\u00bbTVCOM<\/a> &nbsp;&#8211; 24 avril 2017<\/span><\/p>\n\n\n\n<p>Reportage infor Jeune :&nbsp;<a href=\"http:\/\/ijbw.be\/harcelement\">http:\/\/ijbw.be\/harcelement<\/a><\/p>\n\n\n\n<p><a href=\"https:\/\/www.iscnivelles.be\/v3\/wp-content\/uploads\/2014\/05\/20170422_L-Avenir-Local-Brabant-Wallon_p-9.pdf\">L-Avenir-Local-Brabant-Wallon<\/a>&nbsp;&#8211; 22 avril 2017<\/p>\n\n\n\n<p><a href=\"https:\/\/www.iscnivelles.be\/v3\/wp-content\/uploads\/2014\/05\/20170422_Le-Soir-Bruxelles-Brabant_p-45.pdf\">Le-Soir-Bruxelles-Brabant<\/a>&nbsp;&#8211; 22 avril 2017<\/p>\n\n\n\n<p><a href=\"https:\/\/www.iscnivelles.be\/v3\/wp-content\/uploads\/2014\/05\/Label-Sciences-\u00e0-l\u00e9cole.pdf\">Label Sciences \u00e0 l&rsquo;\u00e9cole<\/a>&nbsp;&#8211; 18 mai 2016<\/p>\n\n\n\n<p><a href=\"http:\/\/www.lavenir.net\/cnt\/dmf20150608_00661385\">Le sacr\u00e9-coeur va construire 4 nouvelles classes<\/a>&nbsp;&#8211; 9 juin 2015<\/p>\n\n\n\n<p><a href=\"https:\/\/www.iscnivelles.be\/v3\/wp-content\/uploads\/2014\/05\/5TT-les-grues-flottantes.pdf\">5TT &#8211; les grues flottantes<\/a>&nbsp;&#8211; 7 mai 2015<\/p>\n\n\n\n<p><a href=\"http:\/\/www.lavenir.net\/article\/detail.aspx?articleid=DMF20140504_00471172\" target=\"_blank\" rel=\"noopener\">Star de l&rsquo;impro<\/a>&nbsp;&#8211; 5 mai 2014<\/p>\n\n\n\n<p><a href=\"http:\/\/www.lavenir.net\/article\/detail.aspx?articleid=DMF20140502_00470822\" target=\"_blank\" rel=\"noopener\">Les \u00e9l\u00e8ves du Sacr\u00e9-Coeur ont la main verte<\/a>&nbsp;&#8211; 3 mai 2014<\/p>\n\n\n\n<p>Jogging solidaire 2022<\/p>\n\n\n\n<div class=\"wp-block-pdf-viewer-block-standard\" style=\"text-align:left\"><div class=\"uploaded-pdf\"><a href=\"https:\/\/www.iscnivelles.be\/v3\/wp-content\/uploads\/2014\/05\/EL-173-18-1-1.pdf\" data-width=\"\" data-height=\"\"><\/a><\/div><\/div>\n\n\n\n<p><span style=\"border-radius: 2px; text-indent: 20px; width: auto; padding: 0px 4px 0px 0px; text-align: center; font: bold 11px\/20px 'Helvetica Neue',Helvetica,sans-serif; color: #ffffff; background: #bd081c  no-repeat scroll 3px 50% \/ 14px 14px; position: absolute; opacity: 1; z-index: 8675309; display: none; cursor: pointer;\">Enregistrer<\/span><\/p>\n\n\n\n<p><span style=\"border-radius: 2px; text-indent: 20px; width: auto; padding: 0px 4px 0px 0px; text-align: center; font: bold 11px\/20px 'Helvetica Neue',Helvetica,sans-serif; color: #ffffff; background: #bd081c  no-repeat scroll 3px 50% \/ 14px 14px; position: absolute; opacity: 1; z-index: 8675309; display: none; cursor: pointer; top: 233px; left: 20px;\">Enregistrer<\/span><\/p>\n\n\n\n<p><span style=\"border-radius: 2px; text-indent: 20px; width: auto; padding: 0px 4px 0px 0px; text-align: center; font: bold 11px\/20px 'Helvetica Neue',Helvetica,sans-serif; color: #ffffff; background: #bd081c  no-repeat scroll 3px 50% \/ 14px 14px; position: absolute; opacity: 1; z-index: 8675309; display: none; cursor: pointer;\">Enregistrer<\/span><\/p>\n\n\n\n<p><span style=\"border-radius: 2px; text-indent: 20px; width: auto; padding: 0px 4px 0px 0px; text-align: center; font: bold 11px\/20px 'Helvetica Neue',Helvetica,sans-serif; color: #ffffff; background: #bd081c  no-repeat scroll 3px 50% \/ 14px 14px; position: absolute; opacity: 1; z-index: 8675309; display: none; cursor: pointer; top: 184px; left: 20px;\">Enregistrer<\/span><\/p>\n\n\n\n<p><span style=\"border-radius: 2px; text-indent: 20px; width: auto; padding: 0px 4px 0px 0px; text-align: center; font: bold 11px\/20px 'Helvetica Neue',Helvetica,sans-serif; color: #ffffff; background: #bd081c  no-repeat scroll 3px 50% \/ 14px 14px; position: absolute; opacity: 1; z-index: 8675309; display: none; cursor: pointer; top: 208px; left: 20px;\">Enregistrer<\/span><\/p>\n\n\n\n<p><span style=\"border-radius: 2px; text-indent: 20px; width: auto; padding: 0px 4px 0px 0px; text-align: center; font: bold 11px\/20px 'Helvetica Neue',Helvetica,sans-serif; color: #ffffff; background: #bd081c  no-repeat scroll 3px 50% \/ 14px 14px; position: absolute; opacity: 1; z-index: 8675309; display: none; cursor: pointer;\">Enregistrer<\/span><\/p>\n\n\n\n<p><span style=\"border-radius: 2px; text-indent: 20px; width: auto; padding: 0px 4px 0px 0px; text-align: center; font: bold 11px\/20px 'Helvetica Neue',Helvetica,sans-serif; color: #ffffff; background: #bd081c  no-repeat scroll 3px 50% \/ 14px 14px; position: absolute; opacity: 1; z-index: 8675309; display: none; cursor: pointer;\">Enregistrer<\/span><\/p>\n\n\n\n<p><span style=\"border-radius: 2px; text-indent: 20px; width: auto; padding: 0px 4px 0px 0px; text-align: center; font: bold 11px\/20px 'Helvetica Neue',Helvetica,sans-serif; color: #ffffff; background: #bd081c  no-repeat scroll 3px 50% \/ 14px 14px; position: absolute; opacity: 1; z-index: 8675309; display: none; cursor: pointer; top: 257px; left: 20px;\">Enregistrer<\/span><\/p>\n\n\n\n<p><span style=\"border-radius: 2px; text-indent: 20px; width: auto; padding: 0px 4px 0px 0px; text-align: center; font: bold 11px\/20px 'Helvetica Neue',Helvetica,sans-serif; color: #ffffff; background: #bd081c  no-repeat scroll 3px 50% \/ 14px 14px; position: absolute; opacity: 1; z-index: 8675309; display: none; cursor: pointer; top: 257px; left: 20px;\">Enregistrer<\/span><\/p>\n","protected":false},"excerpt":{"rendered":"<p>Pour consulter l&rsquo;article, cliquer sur celui-ci &#8230; L&rsquo;Avenir Local Brabant Wallon \u00a0\u00bb jogging Viva for Life 28\/09\/2018 L &lsquo;Avenir Local Brabant Wallon\u00a0\u00bb Solar impulse\u00a0\u00bb 7 mai 2018 Vers l&rsquo;avenir 28-09-17 &#8211; jogging pour Viva for Life Reportage TVCOM sur la venue de Dirk Frimout 15 mai 2018. DFrimout L&rsquo;Avenir &#8211; 11 mai 2017 DFrimout_La Capitale [&hellip;]<\/p>\n","protected":false},"author":3,"featured_media":0,"parent":0,"menu_order":0,"comment_status":"closed","ping_status":"open","template":"","meta":{"footnotes":""},"_links":{"self":[{"href":"https:\/\/www.iscnivelles.be\/v3\/wp-json\/wp\/v2\/pages\/1053"}],"collection":[{"href":"https:\/\/www.iscnivelles.be\/v3\/wp-json\/wp\/v2\/pages"}],"about":[{"href":"https:\/\/www.iscnivelles.be\/v3\/wp-json\/wp\/v2\/types\/page"}],"author":[{"embeddable":true,"href":"https:\/\/www.iscnivelles.be\/v3\/wp-json\/wp\/v2\/users\/3"}],"replies":[{"embeddable":true,"href":"https:\/\/www.iscnivelles.be\/v3\/wp-json\/wp\/v2\/comments?post=1053"}],"version-history":[{"count":0,"href":"https:\/\/www.iscnivelles.be\/v3\/wp-json\/wp\/v2\/pages\/1053\/revisions"}],"wp:attachment":[{"href":"https:\/\/www.iscnivelles.be\/v3\/wp-json\/wp\/v2\/media?parent=1053"}],"curies":[{"name":"wp","href":"https:\/\/api.w.org\/{rel}","templated":true}]}}